{"id":69,"date":"2018-02-18T10:21:53","date_gmt":"2018-02-18T10:21:53","guid":{"rendered":"http:\/\/demo.zantetheme.com\/?page_id=69"},"modified":"2025-06-09T07:59:10","modified_gmt":"2025-06-09T10:59:10","slug":"ambientes-sesc-praia","status":"publish","type":"page","link":"http:\/\/sescpiaui.com.br\/hoteis\/ambientes-sesc-praia\/","title":{"rendered":"Ambientes Sesc Praia"},"content":{"rendered":"<p>[vc_row][vc_column][rev_slider_vc alias=&#8221;slide-com-os-dois-hoteis-1&#8243;][\/vc_column][\/vc_row][vc_row full_width=&#8221;stretch_row&#8221; css=&#8221;.vc_custom_1531852688581{border-top-width: 1px !important;padding-top: 100px !important;padding-bottom: 70px !important;background-color: #f1f0ed !important;border-top-color: #ebeae9 !important;border-top-style: solid !important;}&#8221;][vc_column width=&#8221;1\/2&#8243;]\r\n        <div class=\"image-3d-effect\">\r\n          <div class=\"side left\"><\/div>\r\n          <div class=\"side right\"><\/div>\r\n          <div class=\"images\">\r\n                        <div class=\"front-image\" style=\"background-image: url(http:\/\/sescpiaui.com.br\/hoteis\/wp-content\/uploads\/2022\/04\/foto-piscina-scaled.jpg)\"><\/div>\r\n                                    <div class=\"back-image\" style=\"background-image: url(http:\/\/sescpiaui.com.br\/hoteis\/wp-content\/uploads\/2022\/04\/IMG_2006-Copia.png)\"><\/div>\r\n                      <\/div>\r\n        <\/div>\r\n\r\n\r\n\r\n        [\/vc_column][vc_column width=&#8221;1\/2&#8243;]\t\t\t<div\r\n\t\t\t\tclass=\"main_title  text-right  mt_wave\">\r\n\t\t\t\t<h2 class=\"title\">PISCINAS<\/h2>\r\n\t\t\t\t\t\t\t\t\t<p class=\"main_description\">Para desfrutar das \u00e1reas de lazer do Sesc Praia n\u00e3o \u00e9 necess\u00e1rio estar hospedado no hotel. Voc\u00ea pode ter acesso \u00e0s \u00e1reas comuns e utilizar os espa\u00e7os das piscinas adulto e infantil, playground, restaurante e demais estrutura. Colecione momentos inesquec\u00edveis com sua fam\u00edlia e amigos. Divirta-se com a gente! Venda das pulseiras de acesso: 10h \u00e0s 17h Gratuidade: H\u00f3spedes Trabalhadores do com\u00e9rcio e seus dependentes (requisitos: Credencial Sesc atualizada) Crian\u00e7as at\u00e9 12 anos (requisitos: Certid\u00e3o de Nascimento ou RG)<\/p>\r\n\t\t\t\t\t\t\t<\/div>\r\n\t\t[\/vc_column][\/vc_row][vc_row full_width=&#8221;stretch_row&#8221; css=&#8221;.vc_custom_1531852688581{border-top-width: 1px !important;padding-top: 100px !important;padding-bottom: 70px !important;background-color: #f1f0ed !important;border-top-color: #ebeae9 !important;border-top-style: solid !important;}&#8221;][vc_column width=&#8221;1\/2&#8243;]\r\n        <div class=\"image-3d-effect\">\r\n          <div class=\"side left\"><\/div>\r\n          <div class=\"side right\"><\/div>\r\n          <div class=\"images\">\r\n                        <div class=\"front-image\" style=\"background-image: url(http:\/\/sescpiaui.com.br\/hoteis\/wp-content\/uploads\/2022\/04\/WhatsApp-Image-2022-03-11-at-14.11.05-1.jpeg)\"><\/div>\r\n                                    <div class=\"back-image\" style=\"background-image: url(http:\/\/sescpiaui.com.br\/hoteis\/wp-content\/uploads\/2022\/04\/WhatsApp-Image-2022-03-11-at-14.04.04-1.jpeg)\"><\/div>\r\n                      <\/div>\r\n        <\/div>\r\n\r\n\r\n\r\n        [\/vc_column][vc_column width=&#8221;1\/2&#8243;]\t\t\t<div\r\n\t\t\t\tclass=\"main_title  text-right  mt_wave\">\r\n\t\t\t\t<h2 class=\"title\">Praia do Sesc<\/h2>\r\n\t\t\t\t\t\t\t\t\t<p class=\"main_description\">Venha desfrutar de um ambiente aconchegante \u00e0 beira mar: a Praia do Sesc. Nosso complexo possui estrutura com restaurante regional (com ambientes aberto e fechado), banheiros e um amplo estacionamento. Deixe-se envolver pelos sabores do nosso litoral! Aproveite e traga a fam\u00edlia e os amigos para apreciar o p\u00f4r do sol ou se deliciar com um banho de mar.<\/p>\r\n\t\t\t\t\t\t\t<\/div>\r\n\t\t[\/vc_column][\/vc_row][vc_row full_width=&#8221;stretch_row&#8221; css=&#8221;.vc_custom_1531852688581{border-top-width: 1px !important;padding-top: 100px !important;padding-bottom: 70px !important;background-color: #f1f0ed !important;border-top-color: #ebeae9 !important;border-top-style: solid !important;}&#8221;][vc_column width=&#8221;1\/2&#8243;]\t\t\t<div\r\n\t\t\t\tclass=\"main_title  text-right  mt_wave\">\r\n\t\t\t\t<h2 class=\"title\">Centro de Conven\u00e7\u00f5es<\/h2>\r\n\t\t\t\t\t\t\t\t\t<p class=\"main_description\">O Sesc Praia conta com um Centro de Conven\u00e7\u00f5es ideal para a realiza\u00e7\u00e3o de eventos de pequeno, m\u00e9dio e grande porte, como congressos, workshops, conven\u00e7\u00f5es empresariais, treinamentos, confraterniza\u00e7\u00f5es e demais eventos sociais, al\u00e9m de uma extensa \u00e1rea dispon\u00edvel para eventos ao ar livre. Audit\u00f3rio: at\u00e9 319 pessoas Salas de confer\u00eancia: at\u00e9 60 pessoas.<\/p>\r\n\t\t\t\t\t\t\t<\/div>\r\n\t\t[\/vc_column][vc_column width=&#8221;1\/2&#8243;]\r\n        <div class=\"image-3d-effect\">\r\n          <div class=\"side left\"><\/div>\r\n          <div class=\"side right\"><\/div>\r\n          <div class=\"images\">\r\n                        <div class=\"front-image\" style=\"background-image: url(http:\/\/sescpiaui.com.br\/hoteis\/wp-content\/uploads\/2021\/12\/CENTRO-DE-CONVENC.jpg)\"><\/div>\r\n                                    <div class=\"back-image\" style=\"background-image: url(http:\/\/sescpiaui.com.br\/hoteis\/wp-content\/uploads\/2022\/04\/CENTRO-DE-CONVENCOES-10-scaled.jpg)\"><\/div>\r\n                      <\/div>\r\n        <\/div>\r\n\r\n\r\n\r\n        [\/vc_column][\/vc_row][vc_row full_width=&#8221;stretch_row&#8221; css=&#8221;.vc_custom_1531852688581{border-top-width: 1px !important;padding-top: 100px !important;padding-bottom: 70px !important;background-color: #f1f0ed !important;border-top-color: #ebeae9 !important;border-top-style: solid !important;}&#8221;][vc_column width=&#8221;1\/2&#8243;]\r\n        <div class=\"image-3d-effect\">\r\n          <div class=\"side left\"><\/div>\r\n          <div class=\"side right\"><\/div>\r\n          <div class=\"images\">\r\n                        <div class=\"front-image\" style=\"background-image: url(http:\/\/sescpiaui.com.br\/hoteis\/wp-content\/uploads\/2022\/04\/Sesc-Praia-Site-42.jpg)\"><\/div>\r\n                                    <div class=\"back-image\" style=\"background-image: url(http:\/\/sescpiaui.com.br\/hoteis\/wp-content\/uploads\/2022\/04\/Sesc-Praia-Site-39.jpg)\"><\/div>\r\n                      <\/div>\r\n        <\/div>\r\n\r\n\r\n\r\n        [\/vc_column][vc_column width=&#8221;1\/2&#8243;]\t\t\t<div\r\n\t\t\t\tclass=\"main_title  text-right  mt_wave\">\r\n\t\t\t\t<h2 class=\"title\">Mirante<\/h2>\r\n\t\t\t\t\t\t\t\t\t<p class=\"main_description\">A visita ao mirante \u00e9 uma atra\u00e7\u00e3o garantida aos h\u00f3spedes do Sesc Praia! Venha apreciar o melhor cen\u00e1rio panor\u00e2mico do litoral. Hor\u00e1rios de visita\u00e7\u00e3o: 8h \u00e0s 10h | 16h \u00e0s 17h30.<\/p>\r\n\t\t\t\t\t\t\t<\/div>\r\n\t\t[\/vc_column][\/vc_row][vc_row full_width=&#8221;stretch_row&#8221; css=&#8221;.vc_custom_1531852688581{border-top-width: 1px !important;padding-top: 100px !important;padding-bottom: 70px !important;background-color: #f1f0ed !important;border-top-color: #ebeae9 !important;border-top-style: solid !important;}&#8221;][vc_column width=&#8221;1\/2&#8243;]\t\t\t<div\r\n\t\t\t\tclass=\"main_title  text-right  mt_wave\">\r\n\t\t\t\t<h2 class=\"title\">ESPORTE E LAZER<\/h2>\r\n\t\t\t\t\t\t\t\t\t<p class=\"main_description\">Temos espa\u00e7o de sobra ao ar livre para voc\u00ea ficar em forma enquanto se diverte. Al\u00e9m das piscinas, o Sesc Praia oferece outros espa\u00e7os para lazer e pr\u00e1ticas esportivas: quadra poliesportiva, campo de futebol society, quadra de v\u00f4lei de praia, futv\u00f4lei e beach tennis , sala de jogos com sinuca e ping-pong, biciclet\u00e1rio (*exclusivo para h\u00f3spedes). Disponibilizamos de bolas de futebol e v\u00f4lei de praia para empr\u00e9stimo, bem como os tacos do bilhar e as raquetes do t\u00eanis de mesa. Para a pr\u00e1tica de beach tennis \u00e9 necess\u00e1rio trazer suas raquetes e bolas. Em alguns espa\u00e7os haver\u00e1 cobran\u00e7a de taxas. Consulte-nos sobre disponibilidade e condi\u00e7\u00f5es no telefone (86) 3367-8900.<\/p>\r\n\t\t\t\t\t\t\t<\/div>\r\n\t\t[\/vc_column][vc_column width=&#8221;1\/2&#8243;]\r\n        <div class=\"image-3d-effect\">\r\n          <div class=\"side left\"><\/div>\r\n          <div class=\"side right\"><\/div>\r\n          <div class=\"images\">\r\n                        <div class=\"front-image\" style=\"background-image: url(http:\/\/sescpiaui.com.br\/hoteis\/wp-content\/uploads\/2022\/04\/Sesc-Praia-Site-47.jpg)\"><\/div>\r\n                                    <div class=\"back-image\" style=\"background-image: url(http:\/\/sescpiaui.com.br\/hoteis\/wp-content\/uploads\/2022\/04\/Sesc-Praia-Site-46.jpg)\"><\/div>\r\n                      <\/div>\r\n        <\/div>\r\n\r\n\r\n\r\n        [\/vc_column][\/vc_row][vc_row full_width=&#8221;stretch_row&#8221; css=&#8221;.vc_custom_1531852688581{border-top-width: 1px !important;padding-top: 100px !important;padding-bottom: 70px !important;background-color: #f1f0ed !important;border-top-color: #ebeae9 !important;border-top-style: solid !important;}&#8221;][vc_column][vc_row_inner][vc_column_inner][\/vc_column_inner][\/vc_row_inner][\/vc_column][\/vc_row]<\/p>\n","protected":false},"excerpt":{"rendered":"<p>[vc_row][vc_column][rev_slider_vc alias=&#8221;slide-com-os-dois-hoteis-1&#8243;][\/vc_column][\/vc_row][vc_row full_width=&#8221;stretch_row&#8221; css=&#8221;.vc_custom_1531852688581{border-top-width: 1px !important;padding-top: 100px !important;padding-bottom: 70px !important;background-color: #f1f0ed !important;border-top-color: #ebeae9 !important;border-top-style: solid !important;}&#8221;][vc_column width=&#8221;1\/2&#8243;][\/vc_column][vc_column width=&#8221;1\/2&#8243;][\/vc_column][\/vc_row][vc_row full_width=&#8221;stretch_row&#8221; css=&#8221;.vc_custom_1531852688581{border-top-width: 1px !important;padding-top: 100px !important;padding-bottom: 70px !important;background-color: #f1f0ed !important;border-top-color: #ebeae9 !important;border-top-style: solid !important;}&#8221;][vc_column width=&#8221;1\/2&#8243;][\/vc_column][vc_column width=&#8221;1\/2&#8243;][\/vc_column][\/vc_row][vc_row full_width=&#8221;stretch_row&#8221; css=&#8221;.vc_custom_1531852688581{border-top-width: 1px !important;padding-top: 100px !important;padding-bottom: 70px !important;background-color: #f1f0ed !important;border-top-color: #ebeae9 !important;border-top-style: solid !important;}&#8221;][vc_column width=&#8221;1\/2&#8243;][\/vc_column][vc_column width=&#8221;1\/2&#8243;][\/vc_column][\/vc_row][vc_row full_width=&#8221;stretch_row&#8221; css=&#8221;.vc_custom_1531852688581{border-top-width: 1px !important;padding-top: 100px [&hellip;]<\/p>\n","protected":false},"author":4,"featured_media":0,"parent":0,"menu_order":0,"comment_status":"closed","ping_status":"closed","template":"","meta":[],"_links":{"self":[{"href":"http:\/\/sescpiaui.com.br\/hoteis\/wp-json\/wp\/v2\/pages\/69"}],"collection":[{"href":"http:\/\/sescpiaui.com.br\/hoteis\/wp-json\/wp\/v2\/pages"}],"about":[{"href":"http:\/\/sescpiaui.com.br\/hoteis\/wp-json\/wp\/v2\/types\/page"}],"author":[{"embeddable":true,"href":"http:\/\/sescpiaui.com.br\/hoteis\/wp-json\/wp\/v2\/users\/4"}],"replies":[{"embeddable":true,"href":"http:\/\/sescpiaui.com.br\/hoteis\/wp-json\/wp\/v2\/comments?post=69"}],"version-history":[{"count":22,"href":"http:\/\/sescpiaui.com.br\/hoteis\/wp-json\/wp\/v2\/pages\/69\/revisions"}],"predecessor-version":[{"id":3334,"href":"http:\/\/sescpiaui.com.br\/hoteis\/wp-json\/wp\/v2\/pages\/69\/revisions\/3334"}],"wp:attachment":[{"href":"http:\/\/sescpiaui.com.br\/hoteis\/wp-json\/wp\/v2\/media?parent=69"}],"curies":[{"name":"wp","href":"https:\/\/api.w.org\/{rel}","templated":true}]}}