{"id":64,"date":"2018-02-18T10:20:30","date_gmt":"2018-02-18T13:20:30","guid":{"rendered":"http:\/\/demo.zantetheme.com\/?page_id=64"},"modified":"2025-07-02T08:42:39","modified_gmt":"2025-07-02T11:42:39","slug":"sesc-praia","status":"publish","type":"page","link":"http:\/\/sescpiaui.com.br\/hoteis\/sesc-praia\/","title":{"rendered":"Sesc Praia"},"content":{"rendered":"<p>[vc_row][vc_column]\n\t\t\t<!-- START Slide  SESC Praia REVOLUTION SLIDER 6.5.7 --><p class=\"rs-p-wp-fix\"><\/p>\n\t\t\t<rs-module-wrap id=\"hero_wrapper\" data-source=\"gallery\" style=\"visibility:hidden;background:transparent;padding:0;margin:0px auto;margin-top:0;margin-bottom:0;\">\n\t\t\t\t<rs-module id=\"hero\" style=\"\" data-version=\"6.5.7\">\n\t\t\t\t\t<rs-slides>\n\t\t\t\t\t\t<rs-slide style=\"position: absolute;\" data-key=\"rs-39\" data-title=\"Slide\" data-anim=\"ms:760;\" data-in=\"o:0;\" data-out=\"a:false;\">\n\t\t\t\t\t\t\t<img src=\"\/\/sescpiaui.com.br\/hoteis\/wp-content\/plugins\/revslider\/public\/assets\/assets\/dummy.png\" title=\"site\" width=\"1905\" height=\"1072\" class=\"rev-slidebg tp-rs-img rs-lazyload\" data-lazyload=\"\/\/sescpiaui.com.br\/hoteis\/wp-content\/uploads\/2026\/01\/site.jpg\" data-parallax=\"5\" data-no-retina>\n<!---->\t\t\t\t\t\t<\/rs-slide>\n\t\t\t\t\t<\/rs-slides>\n\t\t\t\t\t<rs-static-layers class=\"rs-stl-visible\"><!--\n\t\t\t\t\t--><\/rs-static-layers>\n\t\t\t\t<\/rs-module>\n\t\t\t\t<script type=\"text\/javascript\">\n\t\t\t\t\tsetREVStartSize({c: 'hero',rl:[1240,1024,778,480],el:[840,768,1000,1000],gw:[1170,1024,778,480],gh:[840,768,1000,1000],type:'hero',justify:'',layout:'fullwidth',mh:\"0\"});if (window.RS_MODULES!==undefined && window.RS_MODULES.modules!==undefined && window.RS_MODULES.modules[\"hero\"]!==undefined) {window.RS_MODULES.modules[\"hero\"].once = false;window.revapi22 = undefined;if (window.RS_MODULES.checkMinimal!==undefined) window.RS_MODULES.checkMinimal()}\n\t\t\t\t<\/script>\n\t\t\t<\/rs-module-wrap>\n\t\t\t<!-- END REVOLUTION SLIDER -->\n[\/vc_column][\/vc_row][vc_row full_width=&#8221;stretch_row&#8221; css=&#8221;.vc_custom_1531851570478{padding-top: 100px !important;padding-bottom: 70px !important;}&#8221;][vc_column]\t\t\t<div\r\n\t\t\t\tclass=\"main_title  text-center  \">\r\n\t\t\t\t<h2 class=\"title\">Nossas acomoda\u00e7\u00f5es<\/h2>\r\n\t\t\t\t\t\t\t\t\t<p class=\"main_description\">Saiba mais sobre os tipos de acomoda\u00e7\u00f5es<\/p>\r\n\t\t\t\t\t\t\t<\/div>\r\n\t\t[vc_row_inner][vc_column_inner]\n        \n        <script>\n          jQuery(document).ready(function ($) {\n            function gallery_carousel() {\n              $('#rooms-carousel-Md4Sb').owlCarousel({\n                loop: false,\n                margin: 30,\n                                nav: true,\n                                navText: [\n                 \"<i class='fa fa-angle-left' aria-hidden='true'><\/i>\",\n                 \"<i class='fa fa-angle-right' aria-hidden='true'><\/i>\"\n                ],\n\n                responsiveClass:true,\n                responsive:{\n\n                    0:{\n                        items: 1,\n                        nav: false\n                    },\n\n                    600:{\n                        items: 2,\n                        nav: true\n                    },\n\n                    1000:{\n                        items: 3,\n                        nav: true,\n                    }\n                }\n\n              });\n          }\n          setTimeout(gallery_carousel, 1)\n          });\n        <\/script>\n\n         <div id=\"rooms-carousel-Md4Sb\" class=\"rooms-carousel owl-carousel\">\n             \n              \r\n<div class=\"room-item \">\r\n\r\n    <figure class=\"room-image gradient-overlay overlay-opacity-02 slide-right-hover\">\r\n                <a href=\"http:\/\/sescpiaui.com.br\/hoteis\/rooms\/deluxe-room\/\">\r\n            <img src=\"http:\/\/sescpiaui.com.br\/hoteis\/wp-content\/uploads\/2020\/05\/STANDARD-2-720x470.jpg\" alt=\"Apartamento Standard\">\r\n        <\/a>\r\n    <\/figure>\r\n\r\n    <div class=\"room-details\">\r\n\r\n        <h3 class=\"room-title\">\r\n            <a href=\"http:\/\/sescpiaui.com.br\/hoteis\/rooms\/deluxe-room\/\">Apartamento Standard<\/a>\r\n        <\/h3>\r\n\r\n        \r\n    <\/div>\r\n\r\n<\/div>\n             \n              \r\n<div class=\"room-item \">\r\n\r\n    <figure class=\"room-image gradient-overlay overlay-opacity-02 slide-right-hover\">\r\n                <a href=\"http:\/\/sescpiaui.com.br\/hoteis\/rooms\/single-room\/\">\r\n            <img src=\"http:\/\/sescpiaui.com.br\/hoteis\/wp-content\/uploads\/2018\/07\/APARTAMENTO-LUXO-2-720x470.jpg\" alt=\"Apartamento Luxo\">\r\n        <\/a>\r\n    <\/figure>\r\n\r\n    <div class=\"room-details\">\r\n\r\n        <h3 class=\"room-title\">\r\n            <a href=\"http:\/\/sescpiaui.com.br\/hoteis\/rooms\/single-room\/\">Apartamento Luxo<\/a>\r\n        <\/h3>\r\n\r\n        \r\n    <\/div>\r\n\r\n<\/div>\n             \n              \r\n<div class=\"room-item \">\r\n\r\n    <figure class=\"room-image gradient-overlay overlay-opacity-02 slide-right-hover\">\r\n                <a href=\"http:\/\/sescpiaui.com.br\/hoteis\/rooms\/family-room\/\">\r\n            <img src=\"http:\/\/sescpiaui.com.br\/hoteis\/wp-content\/uploads\/2018\/05\/SUITE-3-720x470.jpeg\" alt=\"Su\u00edte\">\r\n        <\/a>\r\n    <\/figure>\r\n\r\n    <div class=\"room-details\">\r\n\r\n        <h3 class=\"room-title\">\r\n            <a href=\"http:\/\/sescpiaui.com.br\/hoteis\/rooms\/family-room\/\">Su\u00edte<\/a>\r\n        <\/h3>\r\n\r\n        \r\n    <\/div>\r\n\r\n<\/div>\n                                   <\/div>\n\n        [\/vc_column_inner][\/vc_row_inner][\/vc_column][vc_column]\t\t\t<div\r\n\t\t\t\tclass=\"main_title  text-center  mt_wave\">\r\n\t\t\t\t<h2 class=\"title\">Nossos servi\u00e7os<\/h2>\r\n\t\t\t\t\t\t\t<\/div>\r\n\t\t\r\n      \r\n    <script>\r\n      jQuery(document).ready(function ($) {\r\n        $('#features-slider-0cidv').owlCarousel({\r\n            thumbs: true,\r\n            thumbsPrerendered: true,\r\n            items: 1,\r\n                        loop: true,\r\n                        autoplay: true,\r\n                        dots: false,\r\n            nav: false,\r\n            touchDrag  : true,\r\n            mouseDrag  : false\r\n          });\r\n      });\r\n    <\/script>\r\n\r\n\r\n    <div class=\"features\">\r\n      <div class=\"row\">\r\n          <div class=\"col-md-7\">\r\n              <div data-slider-id=\"features-0cidv\" id=\"features-slider-0cidv\" class=\"main-image owl-carousel\">\r\n\r\n\r\n  <div class=\"gradient-overlay overlay-opacity-02\"><img src=\"http:\/\/sescpiaui.com.br\/hoteis\/wp-content\/uploads\/2022\/05\/sp2.jpg\" class=\"img-responsive\" alt=\"Caf\u00e9 da Manh\u00e3\"><\/div>\r\n\r\n  \r\n  <div class=\"gradient-overlay overlay-opacity-02\"><img src=\"http:\/\/sescpiaui.com.br\/hoteis\/wp-content\/uploads\/2022\/05\/Untitled-1.jpg\" class=\"img-responsive\" alt=\"TRASLADO \"><\/div>\r\n\r\n  \r\n  <div class=\"gradient-overlay overlay-opacity-02\"><img src=\"http:\/\/sescpiaui.com.br\/hoteis\/wp-content\/uploads\/2022\/05\/Pet_Friendly_1_Prancheta_1.png\" class=\"img-responsive\" alt=\"PET FRIENDLY \"><\/div>\r\n\r\n  <\/div>\r\n<\/div>\r\n<div class=\"col-md-5\">\r\n  <div class=\"owl-thumbs\" data-slider-id=\"features-0cidv\">\r\n\r\n    \r\n    <!-- SLIDE -->\r\n    <div class=\"owl-thumb-item\">\r\n        <span class=\"media-left\"><image src=\"http:\/\/sescpiaui.com.br\/hoteis\/wp-content\/uploads\/2018\/05\/plate.png\" alt=\"Caf\u00e9 da Manh\u00e3\"><\/span>\r\n        <div class=\"media-body\">\r\n            <h3>Caf\u00e9 da Manh\u00e3<\/h3>\r\n            <p>Acordar e desfrutar de um bom caf\u00e9 da manh\u00e3, n\u00e3o tem pre\u00e7o! Sabendo disso inclu\u00edmos essa deliciosa refei\u00e7\u00e3o em sua di\u00e1ria!<\/p>\r\n        <\/div>\r\n    <\/div>\r\n\r\n    \r\n    <!-- SLIDE -->\r\n    <div class=\"owl-thumb-item\">\r\n        <span class=\"media-left\"><image src=\"http:\/\/sescpiaui.com.br\/hoteis\/wp-content\/uploads\/2018\/05\/conference.png\" alt=\"TRASLADO \"><\/span>\r\n        <div class=\"media-body\">\r\n            <h3>TRASLADO <\/h3>\r\n            <p>O Sesc Praia oferece servi\u00e7o de traslados aos Terminais Rodovi\u00e1rios de Lu\u00eds Correia e Parna\u00edba e ao Aeroporto de Parna\u00edba, exclusivo aos h\u00f3spedes do hotel.  Tamb\u00e9m oferecemos traslado para as principais praias e atrativos tur\u00edsticos do litoral do Piau\u00ed, como o Delta do Parna\u00edba. <\/p>\r\n        <\/div>\r\n    <\/div>\r\n\r\n    \r\n    <!-- SLIDE -->\r\n    <div class=\"owl-thumb-item\">\r\n        <span class=\"media-left\"><image src=\"http:\/\/sescpiaui.com.br\/hoteis\/wp-content\/uploads\/2018\/05\/spa.png\" alt=\"PET FRIENDLY \"><\/span>\r\n        <div class=\"media-body\">\r\n            <h3>PET FRIENDLY <\/h3>\r\n            <p>Aqui seu pet \u00e9 bem-vindo!  Aceitamos animais de estima\u00e7\u00e3o (c\u00e3es e gatos) nos apartamentos Standard Master Pet, recebendo at\u00e9 02 pets (pequeno porte) por quarto e com idade a partir de 06 meses. Refor\u00e7amos que n\u00e3o aceitamos pets nos apartamentos Luxo e Su\u00edtes.<\/p>\r\n        <\/div>\r\n    <\/div>\r\n\r\n    \r\n  <\/div>\r\n<\/div>\r\n<\/div>\r\n<\/div>\r\n\r\n  [\/vc_column][\/vc_row][vc_row full_width=&#8221;stretch_row_content_no_spaces&#8221; css=&#8221;.vc_custom_1531851045585{border-top-width: 1px !important;border-bottom-width: 1px !important;padding-top: 100px !important;padding-bottom: 100px !important;background-color: #f5f3f0 !important;border-top-color: #f0f0f0 !important;border-top-style: solid !important;border-bottom-color: #f0f0f0 !important;border-bottom-style: solid !important;}&#8221; el_class=&#8221;wave-background&#8221;][vc_column css=&#8221;.vc_custom_1638807435110{padding-left: 10px !important;}&#8221;][vc_row_inner][vc_column_inner]\t\t\t<div\r\n\t\t\t\tclass=\"main_title  text-center  \">\r\n\t\t\t\t<h2 class=\"title\">Galeria de fotos Sesc Praia<\/h2>\r\n\t\t\t\t\t\t\t<\/div>\r\n\t\t           \r\n            <div class=\"row\">\r\n\t            <div class=\"image-gallery\">\r\n\r\n                   \r\n                    <!-- GALLERY ITEM -->\r\n                    <div class=\"col-lg-2 col-sm-6\">\r\n                      <figure class=\"gradient-overlay-hover icon-zoom-hover zoom-image-hover\">\r\n                                                <a href=\"http:\/\/sescpiaui.com.br\/hoteis\/wp-content\/uploads\/2021\/12\/Sesc-Praia.jpg\">\r\n                          <img src=\"http:\/\/sescpiaui.com.br\/hoteis\/wp-content\/uploads\/2021\/12\/Sesc-Praia.jpg\" class=\"img-responsive\">\r\n                        <\/a>\r\n                                            <\/figure>\r\n                    <\/div>\r\n\r\n                    \r\n                    <!-- GALLERY ITEM -->\r\n                    <div class=\"col-lg-2 col-sm-6\">\r\n                      <figure class=\"gradient-overlay-hover icon-zoom-hover zoom-image-hover\">\r\n                                                <a href=\"http:\/\/sescpiaui.com.br\/hoteis\/wp-content\/uploads\/2021\/12\/SC_3249_2990_1993-scaled.jpg\">\r\n                          <img src=\"http:\/\/sescpiaui.com.br\/hoteis\/wp-content\/uploads\/2021\/12\/SC_3249_2990_1993-scaled.jpg\" class=\"img-responsive\">\r\n                        <\/a>\r\n                                            <\/figure>\r\n                    <\/div>\r\n\r\n                    \r\n                    <!-- GALLERY ITEM -->\r\n                    <div class=\"col-lg-2 col-sm-6\">\r\n                      <figure class=\"gradient-overlay-hover icon-zoom-hover zoom-image-hover\">\r\n                                                <a href=\"http:\/\/sescpiaui.com.br\/hoteis\/wp-content\/uploads\/2021\/12\/SC_3349-Sesc-Praia-1-scaled.jpg\">\r\n                          <img src=\"http:\/\/sescpiaui.com.br\/hoteis\/wp-content\/uploads\/2021\/12\/SC_3349-Sesc-Praia-1-scaled.jpg\" class=\"img-responsive\">\r\n                        <\/a>\r\n                                            <\/figure>\r\n                    <\/div>\r\n\r\n                    \r\n                    <!-- GALLERY ITEM -->\r\n                    <div class=\"col-lg-2 col-sm-6\">\r\n                      <figure class=\"gradient-overlay-hover icon-zoom-hover zoom-image-hover\">\r\n                                                <a href=\"http:\/\/sescpiaui.com.br\/hoteis\/wp-content\/uploads\/2022\/04\/CENTRO-DE-CONVENCOES-10-1-scaled.jpg\">\r\n                          <img src=\"http:\/\/sescpiaui.com.br\/hoteis\/wp-content\/uploads\/2022\/04\/CENTRO-DE-CONVENCOES-10-1-scaled.jpg\" class=\"img-responsive\">\r\n                        <\/a>\r\n                                            <\/figure>\r\n                    <\/div>\r\n\r\n                    \r\n                    <!-- GALLERY ITEM -->\r\n                    <div class=\"col-lg-2 col-sm-6\">\r\n                      <figure class=\"gradient-overlay-hover icon-zoom-hover zoom-image-hover\">\r\n                                                <a href=\"http:\/\/sescpiaui.com.br\/hoteis\/wp-content\/uploads\/2022\/04\/CENTRO-DE-CONVENCOES-8.jpg\">\r\n                          <img src=\"http:\/\/sescpiaui.com.br\/hoteis\/wp-content\/uploads\/2022\/04\/CENTRO-DE-CONVENCOES-8.jpg\" class=\"img-responsive\">\r\n                        <\/a>\r\n                                            <\/figure>\r\n                    <\/div>\r\n\r\n                    \r\n\t                \t            <\/div>\r\n            <\/div>\r\n\r\n        [\/vc_column_inner][\/vc_row_inner][\/vc_column][\/vc_row][vc_row full_width=&#8221;stretch_row_content_no_spaces&#8221;][vc_column][vc_empty_space height=&#8221;30&#8243;]\t\t\t<div\r\n\t\t\t\tclass=\"main_title  text-center  mt_wave\">\r\n\t\t\t\t<h2 class=\"title\">Localiza\u00e7\u00e3o<\/h2>\r\n\t\t\t\t\t\t\t\t\t<p class=\"main_description\">Estrada PI 116, Km 7,5 Praia do Barro Preto, Bairro Dunas, Lu\u00eds Correia - PI, 64220-000<\/p>\r\n\t\t\t\t\t\t\t<\/div>\r\n\t\t[vc_gmaps link=&#8221;#E-8_JTNDaWZyYW1lJTIwc3JjJTNEJTIyaHR0cHMlM0ElMkYlMkZ3d3cuZ29vZ2xlLmNvbSUyRm1hcHMlMkZlbWJlZCUzRnBiJTNEJTIxMW0xOCUyMTFtMTIlMjExbTMlMjExZDM5ODQuNjgxOTMzODk4MzcyJTIxMmQtNDEuNjAzNTIyMjg0NzI2NjglMjEzZC0yLjkwNzYxMjQ0MDM2NDg5NDYlMjEybTMlMjExZjAlMjEyZjAlMjEzZjAlMjEzbTIlMjExaTEwMjQlMjEyaTc2OCUyMTRmMTMuMSUyMTNtMyUyMTFtMiUyMTFzMHg3ZWMyMzk3NTViYmY1NTElMjUzQTB4ODJhMmJjNzJiMjQ1ZWQyZCUyMTJzU0VTQyUyNTIwUHJhaWElMjE1ZTAlMjEzbTIlMjExc3B0LUJSJTIxMnNiciUyMTR2MTYzODU1MTA2MDExNSUyMTVtMiUyMTFzcHQtQlIlMjEyc2JyJTIyJTIwd2lkdGglM0QlMjI4MDAlMjIlMjBoZWlnaHQlM0QlMjI2MDAlMjIlMjBzdHlsZSUzRCUyMmJvcmRlciUzQTAlM0IlMjIlMjBhbGxvd2Z1bGxzY3JlZW4lM0QlMjIlMjIlMjBsb2FkaW5nJTNEJTIybGF6eSUyMiUzRSUzQyUyRmlmcmFtZSUzRQ==&#8221; size=&#8221;450&#8243; css_animation=&#8221;fadeIn&#8221;][\/vc_column][\/vc_row]<\/p>\n","protected":false},"excerpt":{"rendered":"<p>[vc_row][vc_column][\/vc_column][\/vc_row][vc_row full_width=&#8221;stretch_row&#8221; css=&#8221;.vc_custom_1531851570478{padding-top: 100px !important;padding-bottom: 70px !important;}&#8221;][vc_column][vc_row_inner][vc_column_inner][\/vc_column_inner][\/vc_row_inner][\/vc_column][vc_column][\/vc_column][\/vc_row][vc_row full_width=&#8221;stretch_row_content_no_spaces&#8221; css=&#8221;.vc_custom_1531851045585{border-top-width: 1px !important;border-bottom-width: 1px !important;padding-top: 100px !important;padding-bottom: 100px !important;background-color: #f5f3f0 !important;border-top-color: #f0f0f0 !important;border-top-style: solid !important;border-bottom-color: #f0f0f0 !important;border-bottom-style: solid !important;}&#8221; el_class=&#8221;wave-background&#8221;][vc_column css=&#8221;.vc_custom_1638807435110{padding-left: 10px !important;}&#8221;][vc_row_inner][vc_column_inner][\/vc_column_inner][\/vc_row_inner][\/vc_column][\/vc_row][vc_row full_width=&#8221;stretch_row_content_no_spaces&#8221;][vc_column][vc_empty_space height=&#8221;30&#8243;][vc_gmaps link=&#8221;#E-8_JTNDaWZyYW1lJTIwc3JjJTNEJTIyaHR0cHMlM0ElMkYlMkZ3d3cuZ29vZ2xlLmNvbSUyRm1hcHMlMkZlbWJlZCUzRnBiJTNEJTIxMW0xOCUyMTFtMTIlMjExbTMlMjExZDM5ODQuNjgxOTMzODk4MzcyJTIxMmQtNDEuNjAzNTIyMjg0NzI2NjglMjEzZC0yLjkwNzYxMjQ0MDM2NDg5NDYlMjEybTMlMjExZjAlMjEyZjAlMjEzZjAlMjEzbTIlMjExaTEwMjQlMjEyaTc2OCUyMTRmMTMuMSUyMTNtMyUyMTFtMiUyMTFzMHg3ZWMyMzk3NTViYmY1NTElMjUzQTB4ODJhMmJjNzJiMjQ1ZWQyZCUyMTJzU0VTQyUyNTIwUHJhaWElMjE1ZTAlMjEzbTIlMjExc3B0LUJSJTIxMnNiciUyMTR2MTYzODU1MTA2MDExNSUyMTVtMiUyMTFzcHQtQlIlMjEyc2JyJTIyJTIwd2lkdGglM0QlMjI4MDAlMjIlMjBoZWlnaHQlM0QlMjI2MDAlMjIlMjBzdHlsZSUzRCUyMmJvcmRlciUzQTAlM0IlMjIlMjBhbGxvd2Z1bGxzY3JlZW4lM0QlMjIlMjIlMjBsb2FkaW5nJTNEJTIybGF6eSUyMiUzRSUzQyUyRmlmcmFtZSUzRQ==&#8221; size=&#8221;450&#8243; css_animation=&#8221;fadeIn&#8221;][\/vc_column][\/vc_row]<\/p>\n","protected":false},"author":4,"featured_media":0,"parent":0,"menu_order":0,"comment_status":"closed","ping_status":"closed","template":"","meta":[],"_links":{"self":[{"href":"http:\/\/sescpiaui.com.br\/hoteis\/wp-json\/wp\/v2\/pages\/64"}],"collection":[{"href":"http:\/\/sescpiaui.com.br\/hoteis\/wp-json\/wp\/v2\/pages"}],"about":[{"href":"http:\/\/sescpiaui.com.br\/hoteis\/wp-json\/wp\/v2\/types\/page"}],"author":[{"embeddable":true,"href":"http:\/\/sescpiaui.com.br\/hoteis\/wp-json\/wp\/v2\/users\/4"}],"replies":[{"embeddable":true,"href":"http:\/\/sescpiaui.com.br\/hoteis\/wp-json\/wp\/v2\/comments?post=64"}],"version-history":[{"count":82,"href":"http:\/\/sescpiaui.com.br\/hoteis\/wp-json\/wp\/v2\/pages\/64\/revisions"}],"predecessor-version":[{"id":3336,"href":"http:\/\/sescpiaui.com.br\/hoteis\/wp-json\/wp\/v2\/pages\/64\/revisions\/3336"}],"wp:attachment":[{"href":"http:\/\/sescpiaui.com.br\/hoteis\/wp-json\/wp\/v2\/media?parent=64"}],"curies":[{"name":"wp","href":"https:\/\/api.w.org\/{rel}","templated":true}]}}