{"id":2008,"date":"2022-12-05T08:56:18","date_gmt":"2022-12-05T11:56:18","guid":{"rendered":"http:\/\/sescpiaui.com.br\/escreversemfronteiras\/?page_id=2008"},"modified":"2022-12-08T07:52:31","modified_gmt":"2022-12-08T10:52:31","slug":"ficha-tecnica","status":"publish","type":"page","link":"http:\/\/sescpiaui.com.br\/escreversemfronteiras\/index.php\/ficha-tecnica\/","title":{"rendered":"Ficha T\u00e9cnica"},"content":{"rendered":"<p style=\"text-align: center;\"><strong>Francisco Valdeci de Sousa Cavalcante<br \/>\n<\/strong>Presidente do Sistema Fecom\u00e9rcio Sesc e Senac no Piau\u00ed<\/p>\n<p style=\"text-align: center;\"><strong>Francisco Soares Campelo Filho<br \/>\n<\/strong>Diretor Regional<\/p>\n<p style=\"text-align: center;\"><strong>Lara Socorro Pereira da Costa Carvalho<br \/>\n<\/strong>Diretora Administrativa e Financeira<\/p>\n<p style=\"text-align: center;\"><strong>Ana L\u00facia Rocha Oliveira<br \/>\n<\/strong>Diretora de Programas Sociais<\/p>\n<p style=\"text-align: center;\"><strong>Andr\u00e9 Vin\u00edcius Lima Ribeiro<br \/>\n<\/strong>Gerente de Comunica\u00e7\u00e3o<\/p>\n<p style=\"text-align: center;\"><strong>Madson Henrique Barros Moraes Lopes<br \/>\n<\/strong>Coordenador de Tecnologia da Informa\u00e7\u00e3o<\/p>\n<p style=\"text-align: center;\"><strong>Giovanna D\u00e9bora \/ Pedro Oliveira<\/strong><br \/>\nEquipe de TI \/ Desenvolvimento<\/p>\n<p style=\"text-align: center;\"><strong>Hildegarda Borges Sampaio<br \/>\n<\/strong>Coordenadora de Cultura<\/p>\n<p style=\"text-align: center;\"><strong>Amanda Rodrigues Pinho<br \/>\n<\/strong>Gerente Sesc Caixeiral<\/p>\n<p style=\"text-align: center;\"><strong>Iara Fernanda Victor Alencar Eulalio<br \/>\n<\/strong>Gerente Sesc Caju\u00edna<\/p>\n<p style=\"text-align: center;\"><strong>Ana Paula Oliveira Moreira<br \/>\n<\/strong>Ger\u00eancia do Sesc Floriano<\/p>\n<p style=\"text-align: center;\"><strong>Nancy Di Paula Pereira Aquino<br \/>\n<\/strong>Supervisora de Cultura<\/p>\n<p style=\"text-align: center;\"><strong>Camila Machado Maia<br \/>\n<\/strong>Supervisora de Bibliotecas<\/p>\n<p style=\"text-align: center;\"><strong>Jedson Martins da Silva<br \/>\n<\/strong>Analista em Literatura Sesc Caixeiral<\/p>\n<p style=\"text-align: center;\"><strong>Patr\u00edcia Dias dos Santos<br \/>\n<\/strong>Analista em Literatura Sesc Caju\u00edna<\/p>\n<p style=\"text-align: center;\"><strong>Vaneza de Sousa Silva<br \/>\n<\/strong>Analista em Literatura Sesc Floriano<\/p>\n<p style=\"text-align: center;\">\n","protected":false},"excerpt":{"rendered":"<p>Francisco Valdeci de Sousa Cavalcante Presidente do Sistema Fecom\u00e9rcio Sesc e Senac no Piau\u00ed Francisco Soares Campelo Filho Diretor Regional Lara Socorro Pereira da Costa Carvalho Diretora Administrativa e Financeira Ana L\u00facia Rocha Oliveira Diretora de Programas Sociais Andr\u00e9 Vin\u00edcius Lima Ribeiro Gerente de Comunica\u00e7\u00e3o Madson Henrique Barros Moraes Lopes Coordenador de Tecnologia da Informa\u00e7\u00e3o [&hellip;]<\/p>\n","protected":false},"author":1,"featured_media":0,"parent":0,"menu_order":0,"comment_status":"closed","ping_status":"closed","template":"","meta":{"footnotes":""},"class_list":["post-2008","page","type-page","status-publish","hentry"],"_links":{"self":[{"href":"http:\/\/sescpiaui.com.br\/escreversemfronteiras\/index.php\/wp-json\/wp\/v2\/pages\/2008","targetHints":{"allow":["GET"]}}],"collection":[{"href":"http:\/\/sescpiaui.com.br\/escreversemfronteiras\/index.php\/wp-json\/wp\/v2\/pages"}],"about":[{"href":"http:\/\/sescpiaui.com.br\/escreversemfronteiras\/index.php\/wp-json\/wp\/v2\/types\/page"}],"author":[{"embeddable":true,"href":"http:\/\/sescpiaui.com.br\/escreversemfronteiras\/index.php\/wp-json\/wp\/v2\/users\/1"}],"replies":[{"embeddable":true,"href":"http:\/\/sescpiaui.com.br\/escreversemfronteiras\/index.php\/wp-json\/wp\/v2\/comments?post=2008"}],"version-history":[{"count":11,"href":"http:\/\/sescpiaui.com.br\/escreversemfronteiras\/index.php\/wp-json\/wp\/v2\/pages\/2008\/revisions"}],"predecessor-version":[{"id":2054,"href":"http:\/\/sescpiaui.com.br\/escreversemfronteiras\/index.php\/wp-json\/wp\/v2\/pages\/2008\/revisions\/2054"}],"wp:attachment":[{"href":"http:\/\/sescpiaui.com.br\/escreversemfronteiras\/index.php\/wp-json\/wp\/v2\/media?parent=2008"}],"curies":[{"name":"wp","href":"https:\/\/api.w.org\/{rel}","templated":true}]}}

Ficha Técnica

<p style="text-align: center;"><strong>Francisco Valdeci de Sousa Cavalcante<br />
</strong>Presidente do Sistema Fecomércio Sesc e Senac no Piauí</p>
<p style="text-align: center;"><strong>Francisco Soares Campelo Filho<br />
</strong>Diretor Regional</p>
<p style="text-align: center;"><strong>Lara Socorro Pereira da Costa Carvalho<br />
</strong>Diretora Administrativa e Financeira</p>
<p style="text-align: center;"><strong>Ana Lúcia Rocha Oliveira<br />
</strong>Diretora de Programas Sociais</p>
<p style="text-align: center;"><strong>André Vinícius Lima Ribeiro<br />
</strong>Gerente de Comunicação</p>
<p style="text-align: center;"><strong>Madson Henrique Barros Moraes Lopes<br />
</strong>Coordenador de Tecnologia da Informação</p>
<p style="text-align: center;"><strong>Giovanna Débora / Pedro Oliveira</strong><br />
Equipe de TI / Desenvolvimento</p>
<p style="text-align: center;"><strong>Hildegarda Borges Sampaio<br />
</strong>Coordenadora de Cultura</p>
<p style="text-align: center;"><strong>Amanda Rodrigues Pinho<br />
</strong>Gerente Sesc Caixeiral</p>
<p style="text-align: center;"><strong>Iara Fernanda Victor Alencar Eulalio<br />
</strong>Gerente Sesc Cajuína</p>
<p style="text-align: center;"><strong>Ana Paula Oliveira Moreira<br />
</strong>Gerência do Sesc Floriano</p>
<p style="text-align: center;"><strong>Nancy Di Paula Pereira Aquino<br />
</strong>Supervisora de Cultura</p>
<p style="text-align: center;"><strong>Camila Machado Maia<br />
</strong>Supervisora de Bibliotecas</p>
<p style="text-align: center;"><strong>Jedson Martins da Silva<br />
</strong>Analista em Literatura Sesc Caixeiral</p>
<p style="text-align: center;"><strong>Patrícia Dias dos Santos<br />
</strong>Analista em Literatura Sesc Cajuína</p>
<p style="text-align: center;"><strong>Vaneza de Sousa Silva<br />
</strong>Analista em Literatura Sesc Floriano</p>
<p style="text-align: center;">

<p>Francisco Valdeci de Sousa Cavalcante Presidente do Sistema Fecomércio Sesc e Senac no Piauí Francisco Soares Campelo Filho Diretor Regional Lara Socorro Pereira da Costa Carvalho Diretora Administrativa e Financeira Ana Lúcia Rocha Oliveira Diretora de Programas Sociais André Vinícius Lima Ribeiro Gerente de Comunicação Madson Henrique Barros Moraes Lopes Coordenador de Tecnologia da Informação [&hellip;]</p>
